{"id":173,"date":"2020-09-29T09:24:34","date_gmt":"2020-09-29T09:24:34","guid":{"rendered":"http:\/\/fastcourier.mx\/?page_id=173"},"modified":"2024-07-23T14:36:32","modified_gmt":"2024-07-23T19:36:32","slug":"plans","status":"publish","type":"page","link":"https:\/\/fastcourier.mx\/?page_id=173","title":{"rendered":"Plans"},"content":{"rendered":"\t\t<div data-elementor-type=\"wp-page\" data-elementor-id=\"173\" class=\"elementor elementor-173\">\n\t\t\t\t\t\t\t\t\t<section class=\"elementor-section elementor-top-section elementor-element elementor-element-6f4c8ece elementor-section-height-min-height elementor-section-content-middle elementor-section-boxed elementor-section-height-default elementor-section-items-middle\" data-id=\"6f4c8ece\" data-element_type=\"section\" data-settings=\"{&quot;background_background&quot;:&quot;classic&quot;}\">\n\t\t\t\t\t\t\t<div class=\"elementor-background-overlay\"><\/div>\n\t\t\t\t\t\t\t<div class=\"elementor-container elementor-column-gap-default\">\n\t\t\t\t\t<div class=\"elementor-column elementor-col-100 elementor-top-column elementor-element elementor-element-7177eb1a\" data-id=\"7177eb1a\" data-element_type=\"column\">\n\t\t\t<div class=\"elementor-widget-wrap elementor-element-populated\">\n\t\t\t\t\t\t\t\t<div class=\"elementor-element elementor-element-3c7530ae elementor-widget elementor-widget-heading\" data-id=\"3c7530ae\" data-element_type=\"widget\" data-widget_type=\"heading.default\">\n\t\t\t\t<div class=\"elementor-widget-container\">\n\t\t\t<style>\/*! elementor - v3.13.3 - 28-05-2023 *\/\n.elementor-heading-title{padding:0;margin:0;line-height:1}.elementor-widget-heading .elementor-heading-title[class*=elementor-size-]>a{color:inherit;font-size:inherit;line-height:inherit}.elementor-widget-heading .elementor-heading-title.elementor-size-small{font-size:15px}.elementor-widget-heading .elementor-heading-title.elementor-size-medium{font-size:19px}.elementor-widget-heading .elementor-heading-title.elementor-size-large{font-size:29px}.elementor-widget-heading .elementor-heading-title.elementor-size-xl{font-size:39px}.elementor-widget-heading .elementor-heading-title.elementor-size-xxl{font-size:59px}<\/style><h2 class=\"elementor-heading-title elementor-size-default\">Cobertura<\/h2>\t\t<\/div>\n\t\t\t\t<\/div>\n\t\t\t\t<div class=\"elementor-element elementor-element-5c822a7 elementor-widget elementor-widget-text-editor\" data-id=\"5c822a7\" data-element_type=\"widget\" data-widget_type=\"text-editor.default\">\n\t\t\t\t<div class=\"elementor-widget-container\">\n\t\t\t<style>\/*! elementor - v3.13.3 - 28-05-2023 *\/\n.elementor-widget-text-editor.elementor-drop-cap-view-stacked .elementor-drop-cap{background-color:#69727d;color:#fff}.elementor-widget-text-editor.elementor-drop-cap-view-framed .elementor-drop-cap{color:#69727d;border:3px solid;background-color:transparent}.elementor-widget-text-editor:not(.elementor-drop-cap-view-default) .elementor-drop-cap{margin-top:8px}.elementor-widget-text-editor:not(.elementor-drop-cap-view-default) .elementor-drop-cap-letter{width:1em;height:1em}.elementor-widget-text-editor .elementor-drop-cap{float:left;text-align:center;line-height:1;font-size:50px}.elementor-widget-text-editor .elementor-drop-cap-letter{display:inline-block}<\/style>\t\t\t\t<p>Nuestra amplia cobertura nacional nos permite atender todas sus necesidades de origen\/destino en tiempos que ning\u00fan otra compa\u00f1\u00eda puede ofrecer.<\/p>\t\t\t\t\t\t<\/div>\n\t\t\t\t<\/div>\n\t\t\t\t<div class=\"elementor-element elementor-element-2a8c8ee8 elementor-widget elementor-widget-button\" data-id=\"2a8c8ee8\" data-element_type=\"widget\" data-widget_type=\"button.default\">\n\t\t\t\t<div class=\"elementor-widget-container\">\n\t\t\t\t\t<div class=\"elementor-button-wrapper\">\n\t\t\t<a href=\"#cobertura1\" class=\"elementor-button-link elementor-button elementor-size-sm elementor-animation-grow\" role=\"button\">\n\t\t\t\t\t\t<span class=\"elementor-button-content-wrapper\">\n\t\t\t\t\t\t<span class=\"elementor-button-text\">Conoce m\u00e1s<\/span>\n\t\t<\/span>\n\t\t\t\t\t<\/a>\n\t\t<\/div>\n\t\t\t\t<\/div>\n\t\t\t\t<\/div>\n\t\t\t\t\t<\/div>\n\t\t<\/div>\n\t\t\t\t\t\t\t<\/div>\n\t\t<\/section>\n\t\t\t\t<section class=\"elementor-section elementor-top-section elementor-element elementor-element-01c2afd elementor-section-boxed elementor-section-height-default elementor-section-height-default\" data-id=\"01c2afd\" data-element_type=\"section\">\n\t\t\t\t\t\t<div class=\"elementor-container elementor-column-gap-default\">\n\t\t\t\t\t<div class=\"elementor-column elementor-col-100 elementor-top-column elementor-element elementor-element-0b2f857\" data-id=\"0b2f857\" data-element_type=\"column\">\n\t\t\t<div class=\"elementor-widget-wrap elementor-element-populated\">\n\t\t\t\t\t\t\t\t<div class=\"elementor-element elementor-element-f7e589d elementor-widget elementor-widget-menu-anchor\" data-id=\"f7e589d\" data-element_type=\"widget\" data-widget_type=\"menu-anchor.default\">\n\t\t\t\t<div class=\"elementor-widget-container\">\n\t\t\t<style>\/*! elementor - v3.13.3 - 28-05-2023 *\/\nbody.elementor-page .elementor-widget-menu-anchor{margin-bottom:0}<\/style>\t\t<div id=\"cobertura1\" class=\"elementor-menu-anchor\"><\/div>\n\t\t\t\t<\/div>\n\t\t\t\t<\/div>\n\t\t\t\t<div class=\"elementor-element elementor-element-229684a elementor-widget elementor-widget-spacer\" data-id=\"229684a\" data-element_type=\"widget\" data-widget_type=\"spacer.default\">\n\t\t\t\t<div class=\"elementor-widget-container\">\n\t\t\t<style>\/*! elementor - v3.13.3 - 28-05-2023 *\/\n.elementor-column .elementor-spacer-inner{height:var(--spacer-size)}.e-con{--container-widget-width:100%}.e-con-inner>.elementor-widget-spacer,.e-con>.elementor-widget-spacer{width:var(--container-widget-width,var(--spacer-size));--align-self:var(--container-widget-align-self,initial);--flex-shrink:0}.e-con-inner>.elementor-widget-spacer>.elementor-widget-container,.e-con-inner>.elementor-widget-spacer>.elementor-widget-container>.elementor-spacer,.e-con>.elementor-widget-spacer>.elementor-widget-container,.e-con>.elementor-widget-spacer>.elementor-widget-container>.elementor-spacer{height:100%}.e-con-inner>.elementor-widget-spacer>.elementor-widget-container>.elementor-spacer>.elementor-spacer-inner,.e-con>.elementor-widget-spacer>.elementor-widget-container>.elementor-spacer>.elementor-spacer-inner{height:var(--container-widget-height,var(--spacer-size))}<\/style>\t\t<div class=\"elementor-spacer\">\n\t\t\t<div class=\"elementor-spacer-inner\"><\/div>\n\t\t<\/div>\n\t\t\t\t<\/div>\n\t\t\t\t<\/div>\n\t\t\t\t<div class=\"elementor-element elementor-element-f3ee179 elementor-widget elementor-widget-heading\" data-id=\"f3ee179\" data-element_type=\"widget\" data-widget_type=\"heading.default\">\n\t\t\t\t<div class=\"elementor-widget-container\">\n\t\t\t<h2 class=\"elementor-heading-title elementor-size-large\">Cobertura Nacional<\/h2>\t\t<\/div>\n\t\t\t\t<\/div>\n\t\t\t\t<div class=\"elementor-element elementor-element-5b25ffd elementor-widget elementor-widget-text-editor\" data-id=\"5b25ffd\" data-element_type=\"widget\" data-widget_type=\"text-editor.default\">\n\t\t\t\t<div class=\"elementor-widget-container\">\n\t\t\t\t\t\t\t<p>Llegar a tiempo es nuestro lema, ya que un minuto hace la diferencia entre el poder obtener un diagn\u00f3stico cl\u00ednico oportuno, recibir un medicamento con la temperatura adecuada, documentos para cerrar grandes negocios, materiales que esperan los almacenes especializados y en general cualquier mercanc\u00eda que tiene que estar f\u00edsicamente en un horario espec\u00edfico.<\/p>\t\t\t\t\t\t<\/div>\n\t\t\t\t<\/div>\n\t\t\t\t<div class=\"elementor-element elementor-element-cea0b54 elementor-widget elementor-widget-text-editor\" data-id=\"cea0b54\" data-element_type=\"widget\" data-widget_type=\"text-editor.default\">\n\t\t\t\t<div class=\"elementor-widget-container\">\n\t\t\t\t\t\t\t<p> <!-- start Fla-shop.com HTML5 Map --> <div class='freeHtmlMapright htmlMapResponsive' style='max-width:780px; width: 100%'> <div id='map-container-0' class='freeHtmlMapContainer' data-map-variable='map0'><\/div> <link href='http:\/\/fastcourier.mx\/wp-content\/plugins\/html5-maps\/static\/css\/map.css' rel='stylesheet'> <style> body .fm-tooltip { color: #000000; font-size: 20px; } <\/style> <script src='\/\/cdn.html5maps.com\/3d_party\/raphael.min.js'><\/script> <script src='https:\/\/fastcourier.mx\/index.php?freemap_js_data=true&#038;map_id=0&#038;r=16561'><\/script> <script src='\/\/cdn.html5maps.com\/libs\/locator\/2.4.7\/mexico\/map.js'><\/script> <script> var map0 = new FlaMap(map_cfg); map0.drawOnDomReady('map-container-0'); map0.on('click', function(ev, sid, map) { jQuery('#freeHtmlMapStateInfo0').html(''); var link = map.mapConfig.map_data[sid]['link']; if (link == '#info') { var id = map.mapConfig.map_data[sid]['id']; jQuery('#freeHtmlMapStateInfo0').html('Cargando\u2026'); jQuery.ajax({ type: 'POST', url: 'https:\/\/fastcourier.mx\/index.php?freemap_get_state_info='+id+'&map_id=0', success: function(data, textStatus, jqXHR){ jQuery('#freeHtmlMapStateInfo0').html(data); }, dataType: 'text' }); } }); <\/script> <div id='freeHtmlMapStateInfo0' class='freeHtmlMapStateInfo'><\/div> <\/div> <div style='clear: both'><\/div> <!-- end HTML5 Map --> <\/p>\t\t\t\t\t\t<\/div>\n\t\t\t\t<\/div>\n\t\t\t\t\t<\/div>\n\t\t<\/div>\n\t\t\t\t\t\t\t<\/div>\n\t\t<\/section>\n\t\t\t\t<section class=\"elementor-section elementor-top-section elementor-element elementor-element-e1f5582 elementor-section-boxed elementor-section-height-default elementor-section-height-default\" data-id=\"e1f5582\" data-element_type=\"section\">\n\t\t\t\t\t\t<div class=\"elementor-container elementor-column-gap-default\">\n\t\t\t\t\t<div class=\"elementor-column elementor-col-100 elementor-top-column elementor-element elementor-element-f742b7d\" data-id=\"f742b7d\" data-element_type=\"column\">\n\t\t\t<div class=\"elementor-widget-wrap elementor-element-populated\">\n\t\t\t\t\t\t\t\t<div class=\"elementor-element elementor-element-073af42 elementor-widget elementor-widget-spacer\" data-id=\"073af42\" data-element_type=\"widget\" data-widget_type=\"spacer.default\">\n\t\t\t\t<div class=\"elementor-widget-container\">\n\t\t\t\t\t<div class=\"elementor-spacer\">\n\t\t\t<div class=\"elementor-spacer-inner\"><\/div>\n\t\t<\/div>\n\t\t\t\t<\/div>\n\t\t\t\t<\/div>\n\t\t\t\t<div class=\"elementor-element elementor-element-bed57af elementor-widget elementor-widget-counter\" data-id=\"bed57af\" data-element_type=\"widget\" data-widget_type=\"counter.default\">\n\t\t\t\t<div class=\"elementor-widget-container\">\n\t\t\t<style>\/*! elementor - v3.13.3 - 28-05-2023 *\/\n.elementor-counter .elementor-counter-number-wrapper{display:flex;font-size:69px;font-weight:600;line-height:1}.elementor-counter .elementor-counter-number-prefix,.elementor-counter .elementor-counter-number-suffix{flex-grow:1;white-space:pre-wrap}.elementor-counter .elementor-counter-number-prefix{text-align:right}.elementor-counter .elementor-counter-number-suffix{text-align:left}.elementor-counter .elementor-counter-title{text-align:center;font-size:19px;font-weight:400;line-height:2.5}<\/style>\t\t<div class=\"elementor-counter\">\n\t\t\t<div class=\"elementor-counter-number-wrapper\">\n\t\t\t\t<span class=\"elementor-counter-number-prefix\"><\/span>\n\t\t\t\t<span class=\"elementor-counter-number\" data-duration=\"2000\" data-to-value=\"250\" data-from-value=\"0\" data-delimiter=\".\">0<\/span>\n\t\t\t\t<span class=\"elementor-counter-number-suffix\"><\/span>\n\t\t\t<\/div>\n\t\t\t\t\t\t\t<div class=\"elementor-counter-title\">Puntos de recolecci\u00f3n<\/div>\n\t\t\t\t\t<\/div>\n\t\t\t\t<\/div>\n\t\t\t\t<\/div>\n\t\t\t\t<div class=\"elementor-element elementor-element-7e4710d elementor-widget elementor-widget-spacer\" data-id=\"7e4710d\" data-element_type=\"widget\" data-widget_type=\"spacer.default\">\n\t\t\t\t<div class=\"elementor-widget-container\">\n\t\t\t\t\t<div class=\"elementor-spacer\">\n\t\t\t<div class=\"elementor-spacer-inner\"><\/div>\n\t\t<\/div>\n\t\t\t\t<\/div>\n\t\t\t\t<\/div>\n\t\t\t\t<div class=\"elementor-element elementor-element-44e8e71 elementor-widget elementor-widget-text-editor\" data-id=\"44e8e71\" data-element_type=\"widget\" data-widget_type=\"text-editor.default\">\n\t\t\t\t<div class=\"elementor-widget-container\">\n\t\t\t\t\t\t\t<p>\u00bfDeseas conocer m\u00e1s acerca de nuestra cobertura?<\/p><p>\u00a1Cont\u00e1ctanos!<\/p><p><a href=\"mailto:servicios@fastcourier.mx\">servicios@fastcourier.mx<\/a><\/p>\t\t\t\t\t\t<\/div>\n\t\t\t\t<\/div>\n\t\t\t\t<div class=\"elementor-element elementor-element-f64c190 elementor-widget elementor-widget-spacer\" data-id=\"f64c190\" data-element_type=\"widget\" data-widget_type=\"spacer.default\">\n\t\t\t\t<div class=\"elementor-widget-container\">\n\t\t\t\t\t<div class=\"elementor-spacer\">\n\t\t\t<div class=\"elementor-spacer-inner\"><\/div>\n\t\t<\/div>\n\t\t\t\t<\/div>\n\t\t\t\t<\/div>\n\t\t\t\t\t<\/div>\n\t\t<\/div>\n\t\t\t\t\t\t\t<\/div>\n\t\t<\/section>\n\t\t\t\t\t\t\t<\/div>\n\t\t","protected":false},"excerpt":{"rendered":"<p>Cobertura Nuestra amplia cobertura nacional nos permite atender todas sus necesidades de origen\/destino en tiempos que ning\u00fan otra compa\u00f1\u00eda puede ofrecer. Conoce m\u00e1s Cobertura Nacional Llegar a tiempo es nuestro lema, ya que un minuto hace la diferencia entre el poder obtener un diagn\u00f3stico cl\u00ednico oportuno, recibir un medicamento con la temperatura adecuada, documentos para &hellip;<\/p>\n<p class=\"read-more\"> <a class=\"\" href=\"https:\/\/fastcourier.mx\/?page_id=173\"> <span class=\"screen-reader-text\">Plans<\/span> Leer m\u00e1s &raquo;<\/a><\/p>\n","protected":false},"author":0,"featured_media":0,"parent":0,"menu_order":0,"comment_status":"closed","ping_status":"closed","template":"","meta":{"om_disable_all_campaigns":false,"_mi_skip_tracking":false,"_monsterinsights_sitenote_active":false,"_monsterinsights_sitenote_note":"","_monsterinsights_sitenote_category":0,"site-sidebar-layout":"no-sidebar","site-content-layout":"page-builder","ast-global-header-display":"","ast-main-header-display":"","ast-hfb-above-header-display":"","ast-hfb-below-header-display":"","ast-hfb-mobile-header-display":"","site-post-title":"disabled","ast-breadcrumbs-content":"","ast-featured-img":"disabled","footer-sml-layout":"","theme-transparent-header-meta":"enabled","adv-header-id-meta":"","stick-header-meta":"","header-above-stick-meta":"","header-main-stick-meta":"","header-below-stick-meta":""},"yoast_head":"<!-- This site is optimized with the Yoast SEO plugin v20.9 - https:\/\/yoast.com\/wordpress\/plugins\/seo\/ -->\n<title>Plans - Biomedical Fast Courier<\/title>\n<meta name=\"robots\" content=\"index, follow, max-snippet:-1, max-image-preview:large, max-video-preview:-1\" \/>\n<link rel=\"canonical\" href=\"https:\/\/fastcourier.mx\/?page_id=173\" \/>\n<meta property=\"og:locale\" content=\"es_MX\" \/>\n<meta property=\"og:type\" content=\"article\" \/>\n<meta property=\"og:title\" content=\"Plans - Biomedical Fast Courier\" \/>\n<meta property=\"og:description\" content=\"Cobertura Nuestra amplia cobertura nacional nos permite atender todas sus necesidades de origen\/destino en tiempos que ning\u00fan otra compa\u00f1\u00eda puede ofrecer. Conoce m\u00e1s Cobertura Nacional Llegar a tiempo es nuestro lema, ya que un minuto hace la diferencia entre el poder obtener un diagn\u00f3stico cl\u00ednico oportuno, recibir un medicamento con la temperatura adecuada, documentos para &hellip; Plans Leer m\u00e1s &raquo;\" \/>\n<meta property=\"og:url\" content=\"https:\/\/fastcourier.mx\/?page_id=173\" \/>\n<meta property=\"og:site_name\" content=\"Biomedical Fast Courier\" \/>\n<meta property=\"article:modified_time\" content=\"2024-07-23T19:36:32+00:00\" \/>\n<meta name=\"twitter:card\" content=\"summary_large_image\" \/>\n<meta name=\"twitter:label1\" content=\"Tiempo de lectura\" \/>\n\t<meta name=\"twitter:data1\" content=\"1 minuto\" \/>\n<script type=\"application\/ld+json\" class=\"yoast-schema-graph\">{\"@context\":\"https:\/\/schema.org\",\"@graph\":[{\"@type\":\"WebPage\",\"@id\":\"https:\/\/fastcourier.mx\/?page_id=173\",\"url\":\"https:\/\/fastcourier.mx\/?page_id=173\",\"name\":\"Plans - Biomedical Fast Courier\",\"isPartOf\":{\"@id\":\"https:\/\/fastcourier.mx\/#website\"},\"datePublished\":\"2020-09-29T09:24:34+00:00\",\"dateModified\":\"2024-07-23T19:36:32+00:00\",\"breadcrumb\":{\"@id\":\"https:\/\/fastcourier.mx\/?page_id=173#breadcrumb\"},\"inLanguage\":\"es-MX\",\"potentialAction\":[{\"@type\":\"ReadAction\",\"target\":[\"https:\/\/fastcourier.mx\/?page_id=173\"]}]},{\"@type\":\"BreadcrumbList\",\"@id\":\"https:\/\/fastcourier.mx\/?page_id=173#breadcrumb\",\"itemListElement\":[{\"@type\":\"ListItem\",\"position\":1,\"name\":\"Inicio\",\"item\":\"https:\/\/fastcourier.mx\/\"},{\"@type\":\"ListItem\",\"position\":2,\"name\":\"Plans\"}]},{\"@type\":\"WebSite\",\"@id\":\"https:\/\/fastcourier.mx\/#website\",\"url\":\"https:\/\/fastcourier.mx\/\",\"name\":\"Biomedical Fast Courier\",\"description\":\"Somos una empresa mexicana de log\u00edstica en transporte especializado  para la industria de la salud y farmace\u00fatica donde siempre estamos pendientes de sus servicios las 24 horas del d\u00eda, los 7 dias de la semana y 365 d\u00edas del a\u00f1o.\",\"publisher\":{\"@id\":\"https:\/\/fastcourier.mx\/#organization\"},\"alternateName\":\"Fast Courier\",\"potentialAction\":[{\"@type\":\"SearchAction\",\"target\":{\"@type\":\"EntryPoint\",\"urlTemplate\":\"https:\/\/fastcourier.mx\/?s={search_term_string}\"},\"query-input\":\"required name=search_term_string\"}],\"inLanguage\":\"es-MX\"},{\"@type\":\"Organization\",\"@id\":\"https:\/\/fastcourier.mx\/#organization\",\"name\":\"Biomedical Fast Courier\",\"alternateName\":\"Fast Courier\",\"url\":\"https:\/\/fastcourier.mx\/\",\"logo\":{\"@type\":\"ImageObject\",\"inLanguage\":\"es-MX\",\"@id\":\"https:\/\/fastcourier.mx\/#\/schema\/logo\/image\/\",\"url\":\"https:\/\/fastcourier.mx\/wp-content\/uploads\/2023\/09\/cropped-logo-registrada.png\",\"contentUrl\":\"https:\/\/fastcourier.mx\/wp-content\/uploads\/2023\/09\/cropped-logo-registrada.png\",\"width\":569,\"height\":212,\"caption\":\"Biomedical Fast Courier\"},\"image\":{\"@id\":\"https:\/\/fastcourier.mx\/#\/schema\/logo\/image\/\"}}]}<\/script>\n<!-- \/ Yoast SEO plugin. -->","yoast_head_json":{"title":"Plans - Biomedical Fast Courier","robots":{"index":"index","follow":"follow","max-snippet":"max-snippet:-1","max-image-preview":"max-image-preview:large","max-video-preview":"max-video-preview:-1"},"canonical":"https:\/\/fastcourier.mx\/?page_id=173","og_locale":"es_MX","og_type":"article","og_title":"Plans - Biomedical Fast Courier","og_description":"Cobertura Nuestra amplia cobertura nacional nos permite atender todas sus necesidades de origen\/destino en tiempos que ning\u00fan otra compa\u00f1\u00eda puede ofrecer. Conoce m\u00e1s Cobertura Nacional Llegar a tiempo es nuestro lema, ya que un minuto hace la diferencia entre el poder obtener un diagn\u00f3stico cl\u00ednico oportuno, recibir un medicamento con la temperatura adecuada, documentos para &hellip; Plans Leer m\u00e1s &raquo;","og_url":"https:\/\/fastcourier.mx\/?page_id=173","og_site_name":"Biomedical Fast Courier","article_modified_time":"2024-07-23T19:36:32+00:00","twitter_card":"summary_large_image","twitter_misc":{"Tiempo de lectura":"1 minuto"},"schema":{"@context":"https:\/\/schema.org","@graph":[{"@type":"WebPage","@id":"https:\/\/fastcourier.mx\/?page_id=173","url":"https:\/\/fastcourier.mx\/?page_id=173","name":"Plans - Biomedical Fast Courier","isPartOf":{"@id":"https:\/\/fastcourier.mx\/#website"},"datePublished":"2020-09-29T09:24:34+00:00","dateModified":"2024-07-23T19:36:32+00:00","breadcrumb":{"@id":"https:\/\/fastcourier.mx\/?page_id=173#breadcrumb"},"inLanguage":"es-MX","potentialAction":[{"@type":"ReadAction","target":["https:\/\/fastcourier.mx\/?page_id=173"]}]},{"@type":"BreadcrumbList","@id":"https:\/\/fastcourier.mx\/?page_id=173#breadcrumb","itemListElement":[{"@type":"ListItem","position":1,"name":"Inicio","item":"https:\/\/fastcourier.mx\/"},{"@type":"ListItem","position":2,"name":"Plans"}]},{"@type":"WebSite","@id":"https:\/\/fastcourier.mx\/#website","url":"https:\/\/fastcourier.mx\/","name":"Biomedical Fast Courier","description":"Somos una empresa mexicana de log\u00edstica en transporte especializado  para la industria de la salud y farmace\u00fatica donde siempre estamos pendientes de sus servicios las 24 horas del d\u00eda, los 7 dias de la semana y 365 d\u00edas del a\u00f1o.","publisher":{"@id":"https:\/\/fastcourier.mx\/#organization"},"alternateName":"Fast Courier","potentialAction":[{"@type":"SearchAction","target":{"@type":"EntryPoint","urlTemplate":"https:\/\/fastcourier.mx\/?s={search_term_string}"},"query-input":"required name=search_term_string"}],"inLanguage":"es-MX"},{"@type":"Organization","@id":"https:\/\/fastcourier.mx\/#organization","name":"Biomedical Fast Courier","alternateName":"Fast Courier","url":"https:\/\/fastcourier.mx\/","logo":{"@type":"ImageObject","inLanguage":"es-MX","@id":"https:\/\/fastcourier.mx\/#\/schema\/logo\/image\/","url":"https:\/\/fastcourier.mx\/wp-content\/uploads\/2023\/09\/cropped-logo-registrada.png","contentUrl":"https:\/\/fastcourier.mx\/wp-content\/uploads\/2023\/09\/cropped-logo-registrada.png","width":569,"height":212,"caption":"Biomedical Fast Courier"},"image":{"@id":"https:\/\/fastcourier.mx\/#\/schema\/logo\/image\/"}}]}},"_links":{"self":[{"href":"https:\/\/fastcourier.mx\/index.php?rest_route=\/wp\/v2\/pages\/173"}],"collection":[{"href":"https:\/\/fastcourier.mx\/index.php?rest_route=\/wp\/v2\/pages"}],"about":[{"href":"https:\/\/fastcourier.mx\/index.php?rest_route=\/wp\/v2\/types\/page"}],"replies":[{"embeddable":true,"href":"https:\/\/fastcourier.mx\/index.php?rest_route=%2Fwp%2Fv2%2Fcomments&post=173"}],"version-history":[{"count":31,"href":"https:\/\/fastcourier.mx\/index.php?rest_route=\/wp\/v2\/pages\/173\/revisions"}],"predecessor-version":[{"id":653,"href":"https:\/\/fastcourier.mx\/index.php?rest_route=\/wp\/v2\/pages\/173\/revisions\/653"}],"wp:attachment":[{"href":"https:\/\/fastcourier.mx\/index.php?rest_route=%2Fwp%2Fv2%2Fmedia&parent=173"}],"curies":[{"name":"wp","href":"https:\/\/api.w.org\/{rel}","templated":true}]}}