{"id":519,"date":"2022-12-21T15:58:45","date_gmt":"2022-12-21T21:58:45","guid":{"rendered":"https:\/\/fastcourier.mx\/?page_id=519"},"modified":"2023-03-20T13:20:20","modified_gmt":"2023-03-20T19:20:20","slug":"elementor-519","status":"publish","type":"page","link":"https:\/\/fastcourier.mx\/?page_id=519","title":{"rendered":"Cotizar"},"content":{"rendered":"\t\t<div data-elementor-type=\"wp-page\" data-elementor-id=\"519\" class=\"elementor elementor-519\">\n\t\t\t\t\t\t\t\t\t<section class=\"elementor-section elementor-top-section elementor-element elementor-element-4ffe2b19 elementor-section-content-middle elementor-section-boxed elementor-section-height-default elementor-section-height-default\" data-id=\"4ffe2b19\" data-element_type=\"section\" data-settings=\"{&quot;background_background&quot;:&quot;classic&quot;}\">\n\t\t\t\t\t\t\t<div class=\"elementor-background-overlay\"><\/div>\n\t\t\t\t\t\t\t<div class=\"elementor-container elementor-column-gap-no\">\n\t\t\t\t\t<div class=\"elementor-column elementor-col-33 elementor-top-column elementor-element elementor-element-18643aeb\" data-id=\"18643aeb\" data-element_type=\"column\">\n\t\t\t<div class=\"elementor-widget-wrap elementor-element-populated\">\n\t\t\t\t\t\t\t\t<div class=\"elementor-element elementor-element-6108aa0c elementor-widget elementor-widget-text-editor\" data-id=\"6108aa0c\" data-element_type=\"widget\" data-widget_type=\"text-editor.default\">\n\t\t\t\t<div class=\"elementor-widget-container\">\n\t\t\t<style>\/*! elementor - v3.13.3 - 28-05-2023 *\/\n.elementor-widget-text-editor.elementor-drop-cap-view-stacked .elementor-drop-cap{background-color:#69727d;color:#fff}.elementor-widget-text-editor.elementor-drop-cap-view-framed .elementor-drop-cap{color:#69727d;border:3px solid;background-color:transparent}.elementor-widget-text-editor:not(.elementor-drop-cap-view-default) .elementor-drop-cap{margin-top:8px}.elementor-widget-text-editor:not(.elementor-drop-cap-view-default) .elementor-drop-cap-letter{width:1em;height:1em}.elementor-widget-text-editor .elementor-drop-cap{float:left;text-align:center;line-height:1;font-size:50px}.elementor-widget-text-editor .elementor-drop-cap-letter{display:inline-block}<\/style>\t\t\t\t\t\t\t\t\t\t<\/div>\n\t\t\t\t<\/div>\n\t\t\t\t<div class=\"elementor-element elementor-element-4b9f12f8 elementor-widget elementor-widget-heading\" data-id=\"4b9f12f8\" data-element_type=\"widget\" data-widget_type=\"heading.default\">\n\t\t\t\t<div class=\"elementor-widget-container\">\n\t\t\t<style>\/*! elementor - v3.13.3 - 28-05-2023 *\/\n.elementor-heading-title{padding:0;margin:0;line-height:1}.elementor-widget-heading .elementor-heading-title[class*=elementor-size-]>a{color:inherit;font-size:inherit;line-height:inherit}.elementor-widget-heading .elementor-heading-title.elementor-size-small{font-size:15px}.elementor-widget-heading .elementor-heading-title.elementor-size-medium{font-size:19px}.elementor-widget-heading .elementor-heading-title.elementor-size-large{font-size:29px}.elementor-widget-heading .elementor-heading-title.elementor-size-xl{font-size:39px}.elementor-widget-heading .elementor-heading-title.elementor-size-xxl{font-size:59px}<\/style><h3 class=\"elementor-heading-title elementor-size-default\">Cotiza<\/h3>\t\t<\/div>\n\t\t\t\t<\/div>\n\t\t\t\t<div class=\"elementor-element elementor-element-55870718 elementor-widget-divider--view-line elementor-widget elementor-widget-divider\" data-id=\"55870718\" data-element_type=\"widget\" data-widget_type=\"divider.default\">\n\t\t\t\t<div class=\"elementor-widget-container\">\n\t\t\t<style>\/*! elementor - v3.13.3 - 28-05-2023 *\/\n.elementor-widget-divider{--divider-border-style:none;--divider-border-width:1px;--divider-color:#0c0d0e;--divider-icon-size:20px;--divider-element-spacing:10px;--divider-pattern-height:24px;--divider-pattern-size:20px;--divider-pattern-url:none;--divider-pattern-repeat:repeat-x}.elementor-widget-divider .elementor-divider{display:flex}.elementor-widget-divider .elementor-divider__text{font-size:15px;line-height:1;max-width:95%}.elementor-widget-divider .elementor-divider__element{margin:0 var(--divider-element-spacing);flex-shrink:0}.elementor-widget-divider .elementor-icon{font-size:var(--divider-icon-size)}.elementor-widget-divider .elementor-divider-separator{display:flex;margin:0;direction:ltr}.elementor-widget-divider--view-line_icon .elementor-divider-separator,.elementor-widget-divider--view-line_text .elementor-divider-separator{align-items:center}.elementor-widget-divider--view-line_icon .elementor-divider-separator:after,.elementor-widget-divider--view-line_icon .elementor-divider-separator:before,.elementor-widget-divider--view-line_text .elementor-divider-separator:after,.elementor-widget-divider--view-line_text .elementor-divider-separator:before{display:block;content:\"\";border-bottom:0;flex-grow:1;border-top:var(--divider-border-width) var(--divider-border-style) var(--divider-color)}.elementor-widget-divider--element-align-left .elementor-divider .elementor-divider-separator>.elementor-divider__svg:first-of-type{flex-grow:0;flex-shrink:100}.elementor-widget-divider--element-align-left .elementor-divider-separator:before{content:none}.elementor-widget-divider--element-align-left .elementor-divider__element{margin-left:0}.elementor-widget-divider--element-align-right .elementor-divider .elementor-divider-separator>.elementor-divider__svg:last-of-type{flex-grow:0;flex-shrink:100}.elementor-widget-divider--element-align-right .elementor-divider-separator:after{content:none}.elementor-widget-divider--element-align-right .elementor-divider__element{margin-right:0}.elementor-widget-divider:not(.elementor-widget-divider--view-line_text):not(.elementor-widget-divider--view-line_icon) .elementor-divider-separator{border-top:var(--divider-border-width) var(--divider-border-style) var(--divider-color)}.elementor-widget-divider--separator-type-pattern{--divider-border-style:none}.elementor-widget-divider--separator-type-pattern.elementor-widget-divider--view-line .elementor-divider-separator,.elementor-widget-divider--separator-type-pattern:not(.elementor-widget-divider--view-line) .elementor-divider-separator:after,.elementor-widget-divider--separator-type-pattern:not(.elementor-widget-divider--view-line) .elementor-divider-separator:before,.elementor-widget-divider--separator-type-pattern:not([class*=elementor-widget-divider--view]) .elementor-divider-separator{width:100%;min-height:var(--divider-pattern-height);-webkit-mask-size:var(--divider-pattern-size) 100%;mask-size:var(--divider-pattern-size) 100%;-webkit-mask-repeat:var(--divider-pattern-repeat);mask-repeat:var(--divider-pattern-repeat);background-color:var(--divider-color);-webkit-mask-image:var(--divider-pattern-url);mask-image:var(--divider-pattern-url)}.elementor-widget-divider--no-spacing{--divider-pattern-size:auto}.elementor-widget-divider--bg-round{--divider-pattern-repeat:round}.rtl .elementor-widget-divider .elementor-divider__text{direction:rtl}.e-con-inner>.elementor-widget-divider,.e-con>.elementor-widget-divider{width:var(--container-widget-width,100%);--flex-grow:var(--container-widget-flex-grow)}<\/style>\t\t<div class=\"elementor-divider\">\n\t\t\t<span class=\"elementor-divider-separator\">\n\t\t\t\t\t\t<\/span>\n\t\t<\/div>\n\t\t\t\t<\/div>\n\t\t\t\t<\/div>\n\t\t\t\t\t<\/div>\n\t\t<\/div>\n\t\t\t\t<div class=\"elementor-column elementor-col-33 elementor-top-column elementor-element elementor-element-29aae422\" data-id=\"29aae422\" data-element_type=\"column\">\n\t\t\t<div class=\"elementor-widget-wrap\">\n\t\t\t\t\t\t\t\t\t<\/div>\n\t\t<\/div>\n\t\t\t\t<div class=\"elementor-column elementor-col-33 elementor-top-column elementor-element elementor-element-3a2720eb\" data-id=\"3a2720eb\" data-element_type=\"column\">\n\t\t\t<div class=\"elementor-widget-wrap\">\n\t\t\t\t\t\t\t\t\t<\/div>\n\t\t<\/div>\n\t\t\t\t\t\t\t<\/div>\n\t\t<\/section>\n\t\t\t\t<section class=\"elementor-section elementor-top-section elementor-element elementor-element-2031145 elementor-section-boxed elementor-section-height-default elementor-section-height-default\" data-id=\"2031145\" data-element_type=\"section\">\n\t\t\t\t\t\t<div class=\"elementor-container elementor-column-gap-default\">\n\t\t\t\t\t<div class=\"elementor-column elementor-col-100 elementor-top-column elementor-element elementor-element-adbe2c5\" data-id=\"adbe2c5\" data-element_type=\"column\">\n\t\t\t<div class=\"elementor-widget-wrap elementor-element-populated\">\n\t\t\t\t\t\t\t\t<div class=\"elementor-element elementor-element-4173660 elementor-widget elementor-widget-text-editor\" data-id=\"4173660\" data-element_type=\"widget\" data-widget_type=\"text-editor.default\">\n\t\t\t\t<div class=\"elementor-widget-container\">\n\t\t\t\t\t\t\t<table class=\"wp-list-table widefat fixed striped table-view-list forms\"><tbody id=\"the-list\" data-wp-lists=\"list:form\"><tr><td class=\"shortcode column-shortcode\" data-colname=\"Shortcode\"><div class=\"wpforms-container \" id=\"wpforms-523\"><form id=\"wpforms-form-523\" class=\"wpforms-validate wpforms-form wpforms-ajax-form\" data-formid=\"523\" method=\"post\" enctype=\"multipart\/form-data\" action=\"\/index.php?rest_route=%2Fwp%2Fv2%2Fpages%2F519\" data-token=\"061edc0a0bd18320d8d05be8bb7bf8c7\"><noscript class=\"wpforms-error-noscript\">Por favor, activa JavaScript en tu navegador para completar este formulario.<\/noscript><div class=\"wpforms-field-container\"><div id=\"wpforms-523-field_1-container\" class=\"wpforms-field wpforms-field-text\" data-field-id=\"1\"><label class=\"wpforms-field-label\" for=\"wpforms-523-field_1\">Nombre <span class=\"wpforms-required-label\">*<\/span><\/label><input type=\"text\" id=\"wpforms-523-field_1\" class=\"wpforms-field-large wpforms-field-required\" name=\"wpforms[fields][1]\" required><\/div><div id=\"wpforms-523-field_2-container\" class=\"wpforms-field wpforms-field-text\" data-field-id=\"2\"><label class=\"wpforms-field-label\" for=\"wpforms-523-field_2\">Apellido Paterno <span class=\"wpforms-required-label\">*<\/span><\/label><input type=\"text\" id=\"wpforms-523-field_2\" class=\"wpforms-field-small wpforms-field-required\" name=\"wpforms[fields][2]\" required><\/div><div id=\"wpforms-523-field_3-container\" class=\"wpforms-field wpforms-field-text\" data-field-id=\"3\"><label class=\"wpforms-field-label\" for=\"wpforms-523-field_3\">Apellido Materno <span class=\"wpforms-required-label\">*<\/span><\/label><input type=\"text\" id=\"wpforms-523-field_3\" class=\"wpforms-field-small wpforms-field-required\" name=\"wpforms[fields][3]\" required><\/div><div id=\"wpforms-523-field_4-container\" class=\"wpforms-field wpforms-field-text\" data-field-id=\"4\"><label class=\"wpforms-field-label\" for=\"wpforms-523-field_4\">Correo Electr\u00f3nico <span class=\"wpforms-required-label\">*<\/span><\/label><input type=\"text\" id=\"wpforms-523-field_4\" class=\"wpforms-field-large wpforms-field-required\" name=\"wpforms[fields][4]\" required><\/div><div id=\"wpforms-523-field_5-container\" class=\"wpforms-field wpforms-field-number\" data-field-id=\"5\"><label class=\"wpforms-field-label\" for=\"wpforms-523-field_5\">Tel\u00e9fono <span class=\"wpforms-required-label\">*<\/span><\/label><input type=\"number\" pattern=\"\\d*\" id=\"wpforms-523-field_5\" class=\"wpforms-field-small wpforms-field-required\" name=\"wpforms[fields][5]\" required><\/div><div id=\"wpforms-523-field_6-container\" class=\"wpforms-field wpforms-field-select wpforms-field-select-style-modern\" data-field-id=\"6\"><label class=\"wpforms-field-label\" for=\"wpforms-523-field_6\">Estado <span class=\"wpforms-required-label\">*<\/span><\/label><select id=\"wpforms-523-field_6\" class=\"wpforms-field-medium wpforms-field-required choicesjs-select\" data-size-class=\"wpforms-field-row wpforms-field-medium\" data-search-enabled=\"1\" name=\"wpforms[fields][6]\" required=\"required\"><option value=\"\" class=\"placeholder\" disabled  selected='selected'>Ciudad de M\u00e9xico<\/option><option value=\"Ciudad de M\u00e9xico\" >Ciudad de M\u00e9xico<\/option><option value=\"Estado de M\u00e9xico\" >Estado de M\u00e9xico<\/option><option value=\"Aguascalientes\" >Aguascalientes<\/option><option value=\"Baja California\" >Baja California<\/option><option value=\"Baja California Sur\" >Baja California Sur<\/option><option value=\"Campeche\" >Campeche<\/option><option value=\"Chiapas\" >Chiapas<\/option><option value=\"Chihuahua\" >Chihuahua<\/option><option value=\"Coahuila\" >Coahuila<\/option><option value=\"Colima\" >Colima<\/option><option value=\"Durango\" >Durango<\/option><option value=\"Guanajuato\" >Guanajuato<\/option><option value=\"Guerrero\" >Guerrero<\/option><option value=\"Hidalgo\" >Hidalgo<\/option><option value=\"Jalisco\" >Jalisco<\/option><option value=\"Michoac\u00e1n\" >Michoac\u00e1n<\/option><option value=\"Morelos\" >Morelos<\/option><option value=\"Nayarit\" >Nayarit<\/option><option value=\"Nuevo Le\u00f3n\" >Nuevo Le\u00f3n<\/option><option value=\"Oaxaca\" >Oaxaca<\/option><option value=\"Puebla\" >Puebla<\/option><option value=\"Quer\u00e9taro\" >Quer\u00e9taro<\/option><option value=\"Quintana Roo\" >Quintana Roo<\/option><option value=\"San Luis Potos\u00ed\" >San Luis Potos\u00ed<\/option><option value=\"Sinaloa\" >Sinaloa<\/option><option value=\"Sonora\" >Sonora<\/option><option value=\"Tabasco\" >Tabasco<\/option><option value=\"Tamaulipas\" >Tamaulipas<\/option><option value=\"Tlaxcala\" >Tlaxcala<\/option><option value=\"Veracruz\" >Veracruz<\/option><option value=\"Yucat\u00e1n\" >Yucat\u00e1n<\/option><option value=\"Zacatecas\" >Zacatecas<\/option><\/select><\/div><div id=\"wpforms-523-field_7-container\" class=\"wpforms-field wpforms-field-textarea\" data-field-id=\"7\"><label class=\"wpforms-field-label\" for=\"wpforms-523-field_7\">Mensaje<\/label><textarea id=\"wpforms-523-field_7\" class=\"wpforms-field-medium\" name=\"wpforms[fields][7]\" ><\/textarea><\/div><div id=\"wpforms-523-field_8-container\" class=\"wpforms-field wpforms-field-checkbox\" data-field-id=\"8\"><label class=\"wpforms-field-label\" for=\"wpforms-523-field_8\">Acepto lo siguiente: <span class=\"wpforms-required-label\">*<\/span><\/label><ul id=\"wpforms-523-field_8\" class=\"wpforms-field-required\"><li class=\"choice-1 depth-1\"><input type=\"checkbox\" id=\"wpforms-523-field_8_1\" name=\"wpforms[fields][8][]\" value=\"Recibir ofertas y noticias de Biomedical Fast Courier (opcional)\" required ><label class=\"wpforms-field-label-inline\" for=\"wpforms-523-field_8_1\">Recibir ofertas y noticias de Biomedical Fast Courier (opcional)<\/label><\/li><li class=\"choice-2 depth-1 wpforms-selected\"><input type=\"checkbox\" id=\"wpforms-523-field_8_2\" name=\"wpforms[fields][8][]\" value=\"Acepto el aviso de privacidad y los t\u00e9rminos y condiciones.\" required  checked='checked'><label class=\"wpforms-field-label-inline\" for=\"wpforms-523-field_8_2\">Acepto el aviso de privacidad y los t\u00e9rminos y condiciones.<\/label><\/li><\/ul><\/div><\/div><!-- .wpforms-field-container --><div class=\"wpforms-submit-container\" ><input type=\"hidden\" name=\"wpforms[id]\" value=\"523\"><input type=\"hidden\" name=\"wpforms[author]\" value=\"1\"><button type=\"submit\" name=\"wpforms[submit]\" id=\"wpforms-submit-523\" class=\"wpforms-submit\" data-alt-text=\"Enviando...\" data-submit-text=\"Enviar\" aria-live=\"assertive\" value=\"wpforms-submit\">Enviar<\/button><img decoding=\"async\" loading=\"lazy\" src=\"https:\/\/fastcourier.mx\/wp-content\/plugins\/wpforms-lite\/assets\/images\/submit-spin.svg\" class=\"wpforms-submit-spinner\" style=\"display: none;\" width=\"26\" height=\"26\" alt=\"Cargando\"><\/div><\/form><\/div>  <!-- .wpforms-container --><\/td><\/tr><\/tbody><\/table>\t\t\t\t\t\t<\/div>\n\t\t\t\t<\/div>\n\t\t\t\t\t<\/div>\n\t\t<\/div>\n\t\t\t\t\t\t\t<\/div>\n\t\t<\/section>\n\t\t\t\t\t\t\t<\/div>\n\t\t","protected":false},"excerpt":{"rendered":"<p>Cotiza<\/p>\n","protected":false},"author":1,"featured_media":0,"parent":0,"menu_order":0,"comment_status":"closed","ping_status":"closed","template":"","meta":{"om_disable_all_campaigns":false,"_mi_skip_tracking":false,"_monsterinsights_sitenote_active":false,"_monsterinsights_sitenote_note":"","_monsterinsights_sitenote_category":0,"site-sidebar-layout":"no-sidebar","site-content-layout":"page-builder","ast-global-header-display":"","ast-main-header-display":"","ast-hfb-above-header-display":"","ast-hfb-below-header-display":"","ast-hfb-mobile-header-display":"","site-post-title":"disabled","ast-breadcrumbs-content":"","ast-featured-img":"disabled","footer-sml-layout":"","theme-transparent-header-meta":"","adv-header-id-meta":"","stick-header-meta":"","header-above-stick-meta":"","header-main-stick-meta":"","header-below-stick-meta":""},"yoast_head":"<!-- This site is optimized with the Yoast SEO plugin v20.9 - https:\/\/yoast.com\/wordpress\/plugins\/seo\/ -->\n<title>Cotizar - Biomedical Fast Courier<\/title>\n<meta name=\"robots\" content=\"index, follow, max-snippet:-1, max-image-preview:large, max-video-preview:-1\" \/>\n<link rel=\"canonical\" href=\"https:\/\/fastcourier.mx\/?page_id=519\" \/>\n<meta property=\"og:locale\" content=\"es_MX\" \/>\n<meta property=\"og:type\" content=\"article\" \/>\n<meta property=\"og:title\" content=\"Cotizar - Biomedical Fast Courier\" \/>\n<meta property=\"og:description\" content=\"Cotiza\" \/>\n<meta property=\"og:url\" content=\"https:\/\/fastcourier.mx\/?page_id=519\" \/>\n<meta property=\"og:site_name\" content=\"Biomedical Fast Courier\" \/>\n<meta property=\"article:modified_time\" content=\"2023-03-20T19:20:20+00:00\" \/>\n<meta name=\"twitter:card\" content=\"summary_large_image\" \/>\n<meta name=\"twitter:label1\" content=\"Tiempo de lectura\" \/>\n\t<meta name=\"twitter:data1\" content=\"1 minuto\" \/>\n<script type=\"application\/ld+json\" class=\"yoast-schema-graph\">{\"@context\":\"https:\/\/schema.org\",\"@graph\":[{\"@type\":\"WebPage\",\"@id\":\"https:\/\/fastcourier.mx\/?page_id=519\",\"url\":\"https:\/\/fastcourier.mx\/?page_id=519\",\"name\":\"Cotizar - Biomedical Fast Courier\",\"isPartOf\":{\"@id\":\"https:\/\/fastcourier.mx\/#website\"},\"datePublished\":\"2022-12-21T21:58:45+00:00\",\"dateModified\":\"2023-03-20T19:20:20+00:00\",\"breadcrumb\":{\"@id\":\"https:\/\/fastcourier.mx\/?page_id=519#breadcrumb\"},\"inLanguage\":\"es-MX\",\"potentialAction\":[{\"@type\":\"ReadAction\",\"target\":[\"https:\/\/fastcourier.mx\/?page_id=519\"]}]},{\"@type\":\"BreadcrumbList\",\"@id\":\"https:\/\/fastcourier.mx\/?page_id=519#breadcrumb\",\"itemListElement\":[{\"@type\":\"ListItem\",\"position\":1,\"name\":\"Inicio\",\"item\":\"https:\/\/fastcourier.mx\/\"},{\"@type\":\"ListItem\",\"position\":2,\"name\":\"Cotizar\"}]},{\"@type\":\"WebSite\",\"@id\":\"https:\/\/fastcourier.mx\/#website\",\"url\":\"https:\/\/fastcourier.mx\/\",\"name\":\"Biomedical Fast Courier\",\"description\":\"Somos una empresa mexicana de log\u00edstica en transporte especializado  para la industria de la salud y farmace\u00fatica donde siempre estamos pendientes de sus servicios las 24 horas del d\u00eda, los 7 dias de la semana y 365 d\u00edas del a\u00f1o.\",\"publisher\":{\"@id\":\"https:\/\/fastcourier.mx\/#organization\"},\"alternateName\":\"Fast Courier\",\"potentialAction\":[{\"@type\":\"SearchAction\",\"target\":{\"@type\":\"EntryPoint\",\"urlTemplate\":\"https:\/\/fastcourier.mx\/?s={search_term_string}\"},\"query-input\":\"required name=search_term_string\"}],\"inLanguage\":\"es-MX\"},{\"@type\":\"Organization\",\"@id\":\"https:\/\/fastcourier.mx\/#organization\",\"name\":\"Biomedical Fast Courier\",\"alternateName\":\"Fast Courier\",\"url\":\"https:\/\/fastcourier.mx\/\",\"logo\":{\"@type\":\"ImageObject\",\"inLanguage\":\"es-MX\",\"@id\":\"https:\/\/fastcourier.mx\/#\/schema\/logo\/image\/\",\"url\":\"https:\/\/fastcourier.mx\/wp-content\/uploads\/2023\/09\/cropped-logo-registrada.png\",\"contentUrl\":\"https:\/\/fastcourier.mx\/wp-content\/uploads\/2023\/09\/cropped-logo-registrada.png\",\"width\":569,\"height\":212,\"caption\":\"Biomedical Fast Courier\"},\"image\":{\"@id\":\"https:\/\/fastcourier.mx\/#\/schema\/logo\/image\/\"}}]}<\/script>\n<!-- \/ Yoast SEO plugin. -->","yoast_head_json":{"title":"Cotizar - Biomedical Fast Courier","robots":{"index":"index","follow":"follow","max-snippet":"max-snippet:-1","max-image-preview":"max-image-preview:large","max-video-preview":"max-video-preview:-1"},"canonical":"https:\/\/fastcourier.mx\/?page_id=519","og_locale":"es_MX","og_type":"article","og_title":"Cotizar - Biomedical Fast Courier","og_description":"Cotiza","og_url":"https:\/\/fastcourier.mx\/?page_id=519","og_site_name":"Biomedical Fast Courier","article_modified_time":"2023-03-20T19:20:20+00:00","twitter_card":"summary_large_image","twitter_misc":{"Tiempo de lectura":"1 minuto"},"schema":{"@context":"https:\/\/schema.org","@graph":[{"@type":"WebPage","@id":"https:\/\/fastcourier.mx\/?page_id=519","url":"https:\/\/fastcourier.mx\/?page_id=519","name":"Cotizar - Biomedical Fast Courier","isPartOf":{"@id":"https:\/\/fastcourier.mx\/#website"},"datePublished":"2022-12-21T21:58:45+00:00","dateModified":"2023-03-20T19:20:20+00:00","breadcrumb":{"@id":"https:\/\/fastcourier.mx\/?page_id=519#breadcrumb"},"inLanguage":"es-MX","potentialAction":[{"@type":"ReadAction","target":["https:\/\/fastcourier.mx\/?page_id=519"]}]},{"@type":"BreadcrumbList","@id":"https:\/\/fastcourier.mx\/?page_id=519#breadcrumb","itemListElement":[{"@type":"ListItem","position":1,"name":"Inicio","item":"https:\/\/fastcourier.mx\/"},{"@type":"ListItem","position":2,"name":"Cotizar"}]},{"@type":"WebSite","@id":"https:\/\/fastcourier.mx\/#website","url":"https:\/\/fastcourier.mx\/","name":"Biomedical Fast Courier","description":"Somos una empresa mexicana de log\u00edstica en transporte especializado  para la industria de la salud y farmace\u00fatica donde siempre estamos pendientes de sus servicios las 24 horas del d\u00eda, los 7 dias de la semana y 365 d\u00edas del a\u00f1o.","publisher":{"@id":"https:\/\/fastcourier.mx\/#organization"},"alternateName":"Fast Courier","potentialAction":[{"@type":"SearchAction","target":{"@type":"EntryPoint","urlTemplate":"https:\/\/fastcourier.mx\/?s={search_term_string}"},"query-input":"required name=search_term_string"}],"inLanguage":"es-MX"},{"@type":"Organization","@id":"https:\/\/fastcourier.mx\/#organization","name":"Biomedical Fast Courier","alternateName":"Fast Courier","url":"https:\/\/fastcourier.mx\/","logo":{"@type":"ImageObject","inLanguage":"es-MX","@id":"https:\/\/fastcourier.mx\/#\/schema\/logo\/image\/","url":"https:\/\/fastcourier.mx\/wp-content\/uploads\/2023\/09\/cropped-logo-registrada.png","contentUrl":"https:\/\/fastcourier.mx\/wp-content\/uploads\/2023\/09\/cropped-logo-registrada.png","width":569,"height":212,"caption":"Biomedical Fast Courier"},"image":{"@id":"https:\/\/fastcourier.mx\/#\/schema\/logo\/image\/"}}]}},"_links":{"self":[{"href":"https:\/\/fastcourier.mx\/index.php?rest_route=\/wp\/v2\/pages\/519"}],"collection":[{"href":"https:\/\/fastcourier.mx\/index.php?rest_route=\/wp\/v2\/pages"}],"about":[{"href":"https:\/\/fastcourier.mx\/index.php?rest_route=\/wp\/v2\/types\/page"}],"author":[{"embeddable":true,"href":"https:\/\/fastcourier.mx\/index.php?rest_route=\/wp\/v2\/users\/1"}],"replies":[{"embeddable":true,"href":"https:\/\/fastcourier.mx\/index.php?rest_route=%2Fwp%2Fv2%2Fcomments&post=519"}],"version-history":[{"count":8,"href":"https:\/\/fastcourier.mx\/index.php?rest_route=\/wp\/v2\/pages\/519\/revisions"}],"predecessor-version":[{"id":560,"href":"https:\/\/fastcourier.mx\/index.php?rest_route=\/wp\/v2\/pages\/519\/revisions\/560"}],"wp:attachment":[{"href":"https:\/\/fastcourier.mx\/index.php?rest_route=%2Fwp%2Fv2%2Fmedia&parent=519"}],"curies":[{"name":"wp","href":"https:\/\/api.w.org\/{rel}","templated":true}]}}